reatest common divisor of g and 84?
42
Let s = 10 - -70. Let b = 80 - 68. Let k be (2/(b/15))/((-1)/(-4)). Calculate the greatest common divisor of k and s.
10
Let u(c) = c**3 - 48*c**2 + c + 180. Let a be u(48). What is the highest common divisor of 608 and a?
76
Suppose -436 = -3*w - 2*q, -19*w + 2*q = -20*w + 148. What is the highest common factor of 9 and w?
9
Let c = 3160 + -2982. Calculate the greatest common divisor of c and 8.
2
Let z = 410 - 322. What is the greatest common factor of 11 and z?
11
Let d be (2 + 2)/(-24) - 38/(-12). Suppose d*i - 141 = -0*i. Calculate the highest common divisor of i and 47.
47
Suppose 4*v + 22 = 5*v. Let m be 4/v - (-93)/33. Suppose 2 = -p - 3*q + 3, q + m = 0. Calculate the greatest common factor of 110 and p.
10
Let b = 140 - 116. Calculate the greatest common divisor of 12 and b.
12
Suppose -27 = -3*i + 3*m, i = 2*m + 10 + 4. Let o = 9 - i. Suppose 5*w - 10 = 0, -o*x + 0*w = -4*w - 37. Calculate the highest common divisor of x and 1.
1
Suppose -168 = -8*m - 0*m. Suppose -10*b + m = -7*b. What is the highest common divisor of 49 and b?
7
Suppose -15*t + 2*t = -195. Calculate the greatest common divisor of 85 and t.
5
Suppose -k + 12*u - 16*u + 542 = 0, 2*k - 3*u = 1051. Calculate the highest common factor of 10 and k.
10
Suppose 0 = -q + 137 + 331. Calculate the greatest common factor of q and 36.
36
Let g(m) = m**3 + 7*m - 8. Let l be g(2). Calculate the highest common divisor of 7 and l.
7
Let u = 2553 - 2533. What is the highest common factor of 130 and u?
10
Let s = 481 + -478. What is the highest common divisor of s and 9?
3
Let m = -27 - -41. Let k be m/6 - 8/24. Suppose f + 4*w = 44, -k*f + 158 = 2*f - 2*w. What is the greatest common factor of 5 and f?
5
Suppose -112 = 4*d - 24. Let g = d - -40. What is the greatest common factor of 198 and g?
18
Suppose -6*q + 16 = -2*q + 5*g, 2*q + 2*g = 10. What is the greatest common divisor of 243 and q?
9
Suppose -5*b + 80 = -0*b. Let c be (1 - 3)*(-11)/2. Let v = -7 + c. What is the highest common factor of b and v?
4
Let d = 1326 + -1314. Calculate the greatest common factor of 1002 and d.
6
Suppose -5*s - 168 = -6*s. Let v(a) = -64*a**3 - a**2 + 2*a - 1. Let p be v(1). Let o = p - -92. What is the highest common factor of s and o?
28
Let f(d) = -5*d**3 - 46*d**2 - 13*d - 35. Let h be f(-10). What is the greatest common factor of h and 225?
45
Let z be 27/(-3 + (1 - -3)). Let q be (z/6)/((-2)/(-12)). Let c = 38 - q. What is the highest common divisor of c and 77?
11
Let q(z) = 2*z**2 + 21*z - 56. Let b be q(-13). Calculate the highest common factor of 9 and b.
9
Suppose -44*x = -37*x - 210. What is the greatest common divisor of 330 and x?
30
Let l be (-4074)/(-51) - 38/(-323). Calculate the greatest common divisor of l and 496.
16
Let d be (-910)/(-75) - 1/((-30)/(-4)). Let z be 2/8 + 723/(-12). Let i be -1*(0 + 0) - z. What is the greatest common factor of i and d?
12
Suppose -2*p - 208 = -4*d, 2*d - 14*p = -17*p + 120. What is the greatest common factor of d and 6?
6
Let q = -6 + 20. Let w = 199 + -164. Calculate the greatest common divisor of q and w.
7
Let p = -1 + 28. Suppose -104 = -4*o + 2*v, 4*o - 79 = -2*v + 25. Suppose -f + 1 = -o. What is the highest common factor of p and f?
27
Let j = 356 - 240. Calculate the greatest common divisor of 87 and j.
29
Let a(w) = 9*w**2 - 110*w + 10. Let r be a(15). Calculate the highest common factor of r and 11.
11
Let j be -8 + 0/(-4) + 4. Let u(b) = b**3 + 5*b**2 + 3*b + 5. Let k be u(j). Calculate the greatest common factor of 1 and k.
1
Suppose -21 = -q - 4*w, 3*w - 54 = -2*q - w. What is the greatest common factor of q and 363?
33
Let c = 106 + -56. Suppose 76 = -46*d + c*d. Calculate the greatest common divisor of d and 133.
19
Suppose -86 = -5*v + x, 9*x = 2*v + 4*x - 16. What is the highest common factor of 81 and v?
9
Let g(l) = l**2 - 9*l + 9. Let d be g(-7). Let n = -58 + d. Calculate the greatest common factor of n and 21.
21
Suppose -35*j + 1051 = -103*j + 6967. Let p = 76 - 18. Calculate the highest common factor of p and j.
29
Let p = -79 + 358. Suppose -5*t + 171 = 4*n, -6*n - 46 = -2*t - 2*n. Calculate the greatest common divisor of t and p.
31
Suppose 8*d = 12*d + 8, -z + 119 = d. What is the highest common factor of z and 3?
1
Let w = -94 - -39. Let q = w - -95. Suppose 2*y = 3*y - 8. Calculate the highest common divisor of y and q.
8
Let c = -468 - -567. Calculate the greatest common factor of c and 18.
9
Suppose -1922 + 9712 = 10*o. What is the greatest common divisor of 19 and o?
19
Let t = -39 - 36. Let w = t + 81. What is the greatest common divisor of w and 66?
6
Suppose -b - 3*v = -13, -4*b + 4*v - 1 = -5. Suppose 0 = s + s - 8, b*r = s + 24. Calculate the greatest common factor of 49 and r.
7
Suppose 0 = q + 10*q - 792. What is the highest common divisor of q and 54?
18
Suppose -1385 = -51*r + 145. Let k = -11 - -51. Calculate the greatest common factor of r and k.
10
Let y = -10794 - -10803. Let h = -38 - -65. What is the highest common divisor of y and h?
9
Let d be 15 + 0 + (-2 - (-10)/2). Calculate the greatest common divisor of 126 and d.
18
Suppose 0 = -4*v - 2*r + 68, -7*r = 5*v - 8*r - 71. What is the highest common divisor of v and 6?
3
Let w(k) = k**2 - 8*k - 25. Let v be w(12). Let p be (-2)/(-2) + 190*1. Suppose -p = -5*o - 76. Calculate the greatest common factor of v and o.
23
Let p(k) = -k**2 - 24*k - 95. Let x be p(-9). Let n(v) = 2*v - 8. Let m be n(9). Calculate the greatest common divisor of x and m.
10
Let t = -11 - -10. Let l be 3 - t*(-1 - -3). Let c = l + 0. What is the highest common divisor of c and 5?
5
Let q be (2 - 21/(-3))*(-4 - -5). Suppose 0 = -i + 2*i - 2. Let c be 2 + i + -1 + 15. What is the greatest common divisor of c and q?
9
Suppose -4*u = 5*k + 8, -2*k - 14 - 3 = -3*u. Let n(m) = m**3 + 4*m**2 + 3. Let a be n(k). Calculate the highest common divisor of a and 24.
3
Suppose 2*w = y - 0*y + 10, y + 5*w = 11. Let n be 22 + (-5)/(10/y). Calculate the greatest common divisor of n and 60.
12
Let h = -5 - -9. Let o be (-1)/(h/(1104/4)). Let k = o - -159. What is the highest common factor of 18 and k?
18
Let j = 214 - 157. What is the highest common factor of j and 38?
19
Suppose 3*p + 308 = 17*p. What is the greatest common factor of 242 and p?
22
Suppose 79*s + 6831 = 112*s. Calculate the highest common divisor of s and 9.
9
Let y = 505 + -397. What is the greatest common divisor of 351 and y?
27
Let n(r) = r + 31. Let g be n(-13). Suppose 0 = -3*t + 5*t - g. What is the highest common divisor of 99 and t?
9
Suppose 14*i - 10*i + 84 = 2*y, y - 37 = -3*i. Calculate the highest common factor of y and 70.
10
Suppose -4*q + 2*v = -2124, -v = 3*q - 475 - 1123. Calculate the greatest common divisor of 19 and q.
19
Let s be 624/(-8) + 3/((-6)/(-2)). Let j be 14/s + (-268)/(-22) + -1. Calculate the highest common divisor of 11 and j.
11
Let v = -2221 + 2260. What is the highest common divisor of 299 and v?
13
Suppose 5*w - 48 - 97 = 0. Let m = w + -12. Let f(k) = -213*k + 1508. Let g be f(7). Calculate the greatest common factor of g and m.
17
Suppose 38*v - 200 = 36*v. Calculate the highest common divisor of v and 275.
25
Suppose 0 = 3*y - 26 + 8. Let c(p) = -p**3 - 5*p**2 - 4*p + 4. Let f be c(-4). What is the greatest common divisor of y and f?
2
Let m be 10*(3 - 5)/(-4). Let u be (-136)/(-6)*(-6)/(-4). Suppose -3*j + 2*w + u = 0, 2*j + 4*w - m = 23. What is the greatest common divisor of j and 108?
12
Suppose -3*f + 6 = o - 6, 3*o - 3*f = 60. Suppose -4*q + o = -86. Calculate the greatest common factor of q and 13.
13
Let w(r) = 6*r**2 + 4*r + 12. Let c be w(-4). Calculate the greatest common divisor of c and 1196.
92
Let j(n) = -n + 8. Let k be j(5). Suppose -k*r = 4*p - 5 - 0, -r = -4*p + 25. Suppose 2*q - 15 = -p. What is the greatest common factor of 10 and q?
5
Suppose 21*z = 25*z - 64. What is the highest common factor of z and 48?
16
Let t be ((-1272)/10)/(-1) + (-24)/(-30). What is the greatest common divisor of 40 and t?
8
Let a = -22 - -34. Suppose 7*m = 3*m - a. Let v be m/(-12) + (-614)/(-8). What is the highest common divisor of v and 7?
7
Let h = 232 + 153. What is the greatest common factor of 70 and h?
35
Let j = 13 + -22. Let g = 1